 1/4*f**4 - 2*f. Give z(-2).
8
Let c be -1*6*(-4)/8. Let s(r) = 8 + 4*r**2 + r**c - 16*r**2 - r**2 + 7*r**2. Give s(6).
8
Let i = 321 + -326. Let k(q) = 3*q + 5. Give k(i).
-10
Let o(m) = -m - 8. Let b be o(5). Let y(f) = -f - 7. What is y(b)?
6
Let m = 21 + -15. Let v(u) = -m*u - 3 + 2*u - 2*u - 2*u. What is v(-2)?
13
Let c(l) = 5*l + 1. Let q(t) = 2*t**2 - 54*t - 58. Let v be q(28). Give c(v).
-9
Let m(q) = -q**3 + 4*q**2 + 5*q - 6. Let c(j) = j + 4. Let v be c(0). Suppose v*h = 2*h + 6. Suppose 20 = 2*u + 4*f, 0 = -0*u + 2*u + h*f - 17. Calculate m(u).
14
Let p(x) = 36 - x**3 - 98 + 33 + 7*x**2 + 9*x + 29. Suppose -y = -5*f + 8, 1 = 4*f - y - 5. Let k be (-4 - -3)*(-16)/f. Determine p(k).
8
Suppose 5*z - 5*i - 130 = 0, 5*z - 3*i - 160 = -38. Suppose 5*p = -z - 3. Let j(q) be the second derivative of q**4/12 + 7*q**3/6 + q**2 - 3*q. Give j(p).
-8
Suppose 5*t = -k + 20 + 12, -20 = -5*t + 5*k. Let j(r) = r**2 - 7*r - 5. Let d be j(8). Let o(n) = -4*n - d*n + t*n. Calculate o(5).
-5
Let i(y) be the first derivative of -15*y**4/4 - y**3/3 - 13. Suppose 0 = 7*k - 4 - 3. Calculate i(k).
-16
Let z(h) = 3*h - h**3 + 40 - 30 - 17 - 4*h - 11*h**2. Determine z(-11).
4
Let w(t) be the second derivative of -t**5/30 + t**4/6 + 2*t**3 + 3*t. Let z(p) be the second derivative of w(p). Calculate z(3).
-8
Suppose -10*u + 66 = -21*u. Let o(b) = -b**3 - 4*b**2 + 12*b + 1. Let r be o(u). Let v(l) = 5*l**3 + l - 1. What is v(r)?
5
Let j be 1 + (-10)/(40/(-36)). Let s(t) = 6*t - 18. Calculate s(j).
42
Let v(h) = -1 - 5*h**3 - 19*h + h**2 + 33*h - 15*h. Let z(i) = i**2 + 2*i - 1. Let l be z(-2). Give v(l).
6
Let d(v) = v**3 - v**2 + v + 20. Let o be 1*(8 - (1 - -7)). What is d(o)?
20
Let k(s) be the first derivative of -3*s - 9/2*s**2 - 7. Calculate k(-2).
15
Let l(s) = -s**3 + 7*s**2 - 2*s - 5. Suppose 3*i + 12 - 66 = 0. Suppose -f + 4*f = i. Give l(f).
19
Let i be 100/24 + (-18)/108. Let l(k) = k**2 - 7*k + 2. Determine l(i).
-10
Suppose -4*b = 4*r - 16, -b + 5*r = 2*r + 4. Suppose b*y - 12 = -2*y. Let k(m) = m + 5 + 4*m**2 - 5*m**2 - 2 - 4. Give k(y).
-7
Let r(w) = w + 12. Suppose -24 = 4*l + 4*p + 32, -3*p - 66 = 5*l. Determine r(l).
0
Let n(x) = -10*x**2 + 4 - 5*x**3 + 2 + 4*x**3. Give n(-10).
6
Let o(r) be the third derivative of r**4/12 + r**3 + 11*r**2. Let a be o(-8). Let i(j) = j + 16. What is i(a)?
6
Let f(h) be the second derivative of -h**4/3 - h**3/3 + h**2/2 - 60*h - 3. What is f(1)?
-5
Let m(r) = r**3 + 6*r**2 + 8*r + 2. Let a be m(-4). Suppose a*x - 5 = -3*o - 0*o, -o + 25 = -4*x. Let j(y) = -y. Give j(o).
-5
Let b be (-1)/(-3) + 112/24. Suppose 5*a = -q - 23, q = -0*q - 4*a - 18. Let n(v) = -5 + 0*v + v**3 + b*v**q - 2*v**3 + 2*v**3 + v. Determine n(-4).
7
Let z(t) = -4*t - 3. Suppose 3*f = -9*f - 36. What is z(f)?
9
Let z(b) be the third derivative of 5*b**4/24 - 2*b**3/3 - b**2 - 11*b. Calculate z(3).
11
Suppose 0 = 2*j - c - 36, -c - 3 + 35 = 2*j. Let n be j/7 - (-3)/(-7). Let x(z) = -3*z**2 - 4*z + 3. Calculate x(n).
-17
Suppose -3*t = 5*o - 7, 2*t - 2 = -o + 5. Let n(s) = 3*s**3 - s**2 - 2*s - 1. Let c(l) = 4*l**3 - l**2 - 2*l - 1. Let h(d) = -7*c(d) + 6*n(d). Calculate h(o).
10
Let v(q) = -2*q + 3. Suppose 3*j - 84 = -63. What is v(j)?
-11
Let c(v) = v**3 + v**2 + 16*v - 4. Let j be c(0). Let i(k) = -5*k + 8. What is i(j)?
28
Let u = -3 + 7. Suppose -3*g + 5*d - 20 = 0, u*g + 0*d + d + 19 = 0. Let t(l) = 2*l**2 + 6*l - 5. Determine t(g).
15
Let a(d) = -d**2 + 7*d - 5. Let s(v) = -9*v**3 + 2*v**2 - 3*v + 5. Let l be s(2). Let j = l + 70. Calculate a(j).
5
Let l(v) = 2*v - 5. Let c be l(7). Let a(z) = -9*z + 7*z**3 - 1 + c*z - z**2 - 2*z. Let j be (-4)/2 - 2/(-2). Calculate a(j).
-7
Let t(v) be the third derivative of v**4/24 - v**3 - 6*v**2. Suppose 0*z = z - 4*k + 21, 29 = -4*z + 5*k. Let m be 1*(z - -1 - 0). Determine t(m).
-6
Let h(q) be the third derivative of -q**6/120 - q**5/30 - q**3/2 + 68*q**2. Give h(-3).
6
Let j(m) = 8*m. Let a(l) = -l. Let v(y) = 6*a(y) + j(y). Calculate v(0).
0
Let s(w) = -3*w**3 + w. Let j be s(-1). Let v(i) be the first derivative of -i**4/4 - 2*i**3/3 - i**2/2 - 10. Calculate v(j).
-18
Let f(m) = m**2 - 12*m + 3. Suppose s - z = -3*z + 7, 4*z - 15 = -s. Let q(p) = -72*p + 35*p + 38*p. Let a(l) = s*f(l) - 5*q(l). What is a(6)?
3
Let p = 62 + -65. Suppose -k - 5*l + 15 = 0, -4*k - 4*l = -l - 9. Let m(q) = -4*q - q**3 - 4*q**2 + k*q**3 + 2 - 2. Give m(p).
3
Let k(o) = o**2 + 19*o - 12. Let s(w) = -w**2 - 9*w + 6. Let f(a) = -2*k(a) - 5*s(a). Let t(h) = -4*h**2 - 7*h + 6. Let x(b) = 5*f(b) + 4*t(b). What is x(6)?
0
Let d(q) be the first derivative of 9 + 1/4*q**4 + 4/3*q**3 - 2*q + 5/2*q**2. Determine d(-4).
-22
Let w(g) = -3*g**3 - 2*g**2 + 2*g + 3. Let h be (-41)/(1804/66)*2/3. What is w(h)?
2
Suppose 73*j = 65*j. Let p(c) be the third derivative of 9*c**2 - c**3 + 0*c - 1/8*c**4 + j. Give p(-5).
9
Let t(s) = 0*s - s + 2*s - 1 + 0*s - s**2. Let a = -28 + 28. Calculate t(a).
-1
Let b = 32 + -27. Let a(j) = -b*j - 5*j + 8*j - j. Calculate a(1).
-3
Let x(z) = z - 8. Suppose -4*u + 15 = -21. Determine x(u).
1
Let k(z) be the first derivative of -z**2/2 - 45*z + 174. Give k(-20).
-25
Let r(g) = -7*g**3 + 4*g**2 - 3*g + 3. Let z(h) = -3*h**3 + 2*h**2 - h + 1. Let s = -21 + 26. Let i(l) = s*z(l) - 2*r(l). Give i(2).
1
Suppose 3*i = 5*u - 40, 2*i - u = -5*u + 10. Let l(j) = -j**3 - 3*j**2 + 6*j - 3. Give l(i).
17
Let c(i) be the first derivative of i**5/60 + i**4/3 - i**3/3 - i**2 + 6. Let a(t) be the second derivative of c(t). Give a(-6).
-14
Let r be 549/244 - 74/8. Let f(s) = s**3 + 9*s**2 + 13*s - 11. What is f(r)?
-4
Let x(c) be the second derivative of -c**4/12 + 17*c**3/6 - 38*c**2 - 246*c. What is x(10)?
-6
Let z be 77/3*3 + -4 + 7. Let p = z - 77. Let x(q) = 0*q**2 + 0*q**2 + q**2 - q**3 + 1 + 2*q. Calculate x(p).
-11
Let c(a) be the third derivative of -a**4/8 - a**3/2 + 21*a**2. Let o = 19 - 37. Let q = 12 + o. What is c(q)?
15
Let a = 3040 - 3027. Let u = -6 - -12. Let b(n) = u*n - a*n + 6*n + 3. Determine b(-4).
7
Suppose 0 = f + 4*l + 24, 5*f + 13 + 12 = -l. Let z be 12/4 + 4/(-2). Let w(g) = -z + g**2 + 2 - 7*g + 5*g + 8*g. Calculate w(f).
-7
Let t(y) = -y**2 + 4. Suppose -5*i = -10, 3*o - i = 4 + 48. Suppose 4*k = -2*a + 10, -a - o = -3*a - 2*k. Let m = 13 - a. What is t(m)?
4
Let m(a) = -a**3 - 5*a**2 + 6*a - 10. Let u be m(-6). Let d be u/(-3)*45/(-10). Let s = d + 14. Let r(g) = -g**2 + 1. Determine r(s).
0
Let x(n) = 10*n + 1. Let l = 107 - 109. What is x(l)?
-19
Let n(w) = -3*w + 3. Let z be 1/2 + 66/12. Suppose -3*f - 3*i + 18 = 0, 2*f + 4*i - 28 + 10 = 0. Let u = z - f. What is n(u)?
-6
Let z(x) = -2*x + 0*x - 10*x**2 + 2*x. Suppose -6*u + 2*u = -5*d - 11, -5 = -d - u. Determine z(d).
-10
Let f(o) = 446 + o + 448 - 1341 + 449. Suppose 3*j + 2*h - 12 = 0, -3*h = 4*j - 5*h - 16. Let p be ((-1)/(-2))/(1/j). What is f(p)?
4
Let h(r) = -1. Let m(u) = -u - 1. Let o(d) = -h(d) - m(d). Let w(s) = -s**2 - 9*s + 10. Let a be w(-9). Suppose -4*b - 26 = -a. What is o(b)?
-2
Let b(c) be the first derivative of 3*c**3 - 3*c**2 + 11*c - 24. Let z(n) = 5*n**2 - 3*n + 6. Let s(r) = -6*b(r) + 11*z(r). Calculate s(-6).
18
Let s(k) = -k + 3. Let n be s(-7). Suppose 8*l + 17 = 11*l - 5*c, -6 = -2*l - 2*c. Let d = l - n. Let y(p) = p**2 + 9*p + 7. What is y(d)?
-11
Let y(p) be the third derivative of -p**4/24 - p**3/6 + 4*p**2. Let b(h) = 4*h + 7. Let w(s) = b(s) + 3*y(s). Let j = 12 + -6. Give w(j).
10
Let c(m) = 2*m**3 + 14*m**2 + 9*m + 12. Let a(b) = b**3 + 7*b**2 + 4*b + 5. Let k(l) = -7*a(l) + 3*c(l). What is k(-7)?
8
Let h(x) = -3*x**2 + 3*x - 11. Let v(u) be the first derivative of -u**3/3 + u**2/2 - 6*u - 8. Let z(k) = 2*h(k) - 5*v(k). Suppose 0*s = 2*s. Give z(s).
8
Let o(p) = p**2 - 7*p - 8. Suppose -4*q + 2*b = -34, -4 = -3*b + 7*b. What is o(q)?
0
Let h(o) = o**3 + 6*o**2 - 7*o + 6. Let l be ((-7)/28)/(3/28)*-3. Suppose 25 = -3*t - 4*f, l = -3*t + 3*f - 11. What is h(t)?
6
Let j(l) = -l**2 + 3*l - 1. Suppose 30 = 5*y + 5*g, y - 4*g + g = -10. Let t be j(y). Let a(d) = -1 - 142*d + 71*d - 2*d**2 + d**3 + 5*d**3 + 73*d. Give a(t).
5
Let j(t) be the first derivative of -5*t**4/4 - t**3 - t**2 + 2*t - 50. Determine j(-2).
34
Suppose 5*k - 13 = -3*x + 5, -2*k + 5*x + 32 = 0. Let v be (-18)/(k/9*-3). Let m(j